ist the prime factors of 2141822742.
2, 3, 127, 863, 3257
List the prime factors of 880993608.
2, 3, 11, 103, 179, 181
What are the prime factors of 1002283985?
5, 61, 3286177
List the prime factors of 1185623786.
2, 47, 12613019
List the prime factors of 2712656776.
2, 37, 1487, 6163
What are the prime factors of 31233198?
2, 3, 1831, 2843
What are the prime factors of 6926650572?
2, 3, 577220881
What are the prime factors of 1008149335?
5, 67, 3009401
What are the prime factors of 6018187741?
6018187741
List the prime factors of 3713019170.
2, 5, 7, 4517, 11743
What are the prime factors of 206516304?
2, 3, 159349
List the prime factors of 3566216814.
2, 3, 2083, 285343
List the prime factors of 155960260.
2, 5, 29, 268897
List the prime factors of 1564999524.
2, 3, 11, 19, 208001
List the prime factors of 25809014.
2, 7, 11, 29, 5779
List the prime factors of 194333627.
83, 2341369
List the prime factors of 1742454.
2, 3, 7, 13829
List the prime factors of 125661065.
5, 37, 679249
List the prime factors of 125395020.
2, 3, 5, 73, 3181
What are the prime factors of 481475974?
2, 7, 23, 1495267
What are the prime factors of 629020935?
3, 5, 19, 735697
What are the prime factors of 131140873?
17, 241, 32009
What are the prime factors of 1121244170?
2, 5, 4567, 24551
List the prime factors of 2487961495.
5, 497592299
What are the prime factors of 151293112?
2, 18911639
List the prime factors of 643576012.
2, 43, 59, 63419
List the prime factors of 59886222.
2, 3, 11, 907367
List the prime factors of 2971720955.
5, 7, 17, 109, 45821
What are the prime factors of 81357117?
3, 37, 139, 5273
What are the prime factors of 641537232?
2, 3, 7, 709, 2693
What are the prime factors of 3643170317?
3643170317
List the prime factors of 1811155777.
1811155777
List the prime factors of 2340263990.
2, 5, 234026399
List the prime factors of 43956078.
2, 3, 31, 236323
What are the prime factors of 441609293?
4327, 102059
List the prime factors of 76214225.
5, 19, 281, 571
What are the prime factors of 173940024?
2, 3, 59, 122839
What are the prime factors of 25420834?
2, 12710417
What are the prime factors of 529158700?
2, 5, 7, 23, 1429
What are the prime factors of 19130447?
7, 2732921
List the prime factors of 683480131.
59, 11584409
List the prime factors of 217388405.
5, 13, 19, 176023
What are the prime factors of 63414631?
7, 563, 16091
What are the prime factors of 259712575?
5, 31, 335113
List the prime factors of 173904276.
2, 3, 7, 13, 71, 2243
What are the prime factors of 63525041?
37, 1716893
What are the prime factors of 6138430976?
2, 61, 196543
What are the prime factors of 50668524?
2, 3, 469153
What are the prime factors of 30890396?
2, 71, 108769
List the prime factors of 74782282.
2, 233, 383, 419
What are the prime factors of 214759063?
37, 191, 30389
List the prime factors of 167534464.
2, 1308863
List the prime factors of 378736696.
2, 13, 1549, 2351
List the prime factors of 3715792129.
7, 47, 509, 22189
What are the prime factors of 90100840?
2, 5, 227, 9923
List the prime factors of 1596895037.
23, 191, 593, 613
List the prime factors of 165730901.
7, 19, 43, 28979
List the prime factors of 457576423.
881, 519383
What are the prime factors of 207164773?
283, 773, 947
List the prime factors of 4230798386.
2, 173, 12227741
List the prime factors of 195650761.
195650761
List the prime factors of 435486819.
3, 47, 3088559
List the prime factors of 40260679.
541, 74419
What are the prime factors of 114961395?
3, 5, 17, 450829
List the prime factors of 12475968.
2, 3, 181, 359
List the prime factors of 274054874.
2, 3389, 40433
What are the prime factors of 216597573?
3, 47, 479, 1069
What are the prime factors of 564716677?
7, 23, 31, 113147
What are the prime factors of 19311649?
7, 2758807
List the prime factors of 88602334.
2, 17, 83, 31397
List the prime factors of 3962942538.
2, 3, 660490423
What are the prime factors of 64167427?
19, 31, 108943
List the prime factors of 615143682.
2, 3, 2237, 15277
List the prime factors of 697899452.
2, 659, 264757
What are the prime factors of 227059309?
577, 393517
List the prime factors of 1791853145.
5, 47, 211, 36137
List the prime factors of 109656636.
2, 3, 563, 16231
What are the prime factors of 321197068?
2, 311, 258197
List the prime factors of 44668025.
5, 1786721
What are the prime factors of 43831701?
3, 1171, 4159
List the prime factors of 5737810891.
5737810891
List the prime factors of 130317915.
3, 5, 7, 13, 95471
What are the prime factors of 317133292?
2, 7, 23, 103, 683
What are the prime factors of 21112811?
509, 41479
List the prime factors of 12844809.
3, 17, 37, 2269
List the prime factors of 18877983.
3, 6292661
List the prime factors of 354637255.
5, 7, 17, 85147
What are the prime factors of 21358261?
19, 1124119
What are the prime factors of 109235020?
2, 5, 1487, 3673
List the prime factors of 146583076.
2, 2029, 18061
What are the prime factors of 474333258?
2, 3, 7, 43, 262643
List the prime factors of 133297178.
2, 7, 9521227
List the prime factors of 632190803.
6907, 91529
List the prime factors of 5845901258.
2, 29, 100791401
What are the prime factors of 1440477822?
2, 3, 7, 3889, 8819
List the prime factors of 80671955.
5, 7, 13, 177301
What are the prime factors of 1918547261?
151, 991, 12821
What are the prime factors of 49098668?
2, 31, 167, 2371
What are the prime factors of 244436329?
3491, 70019
List the prime factors of 507795419.
2833, 179243
What are the prime factors of 106734522?
2, 3, 17789087
List the prime factors of 1130885994.
2, 3, 7, 331, 11621
What are the prime factors of 212972694?
2, 3, 11, 29, 111271
What are the prime factors of 202265331?
3, 53, 1272109
List the prime factors of 11789236.
2, 37, 79657
What are the prime factors of 37051954?
2, 1051, 17627
List the prime factors of 908176766.
2, 7, 37, 1091, 1607
What are the prime factors of 2204544000?
2, 3, 5, 5741
List the prime factors of 91646719.
1231, 74449
What are the prime factors of 254757152?
2, 13, 73, 8389
What are the prime factors of 6092194570?
2, 5, 7, 11, 727, 10883
List the prime factors of 5934954802.
2, 7, 423925343
What are the prime factors of 34078955?
5, 73, 1279
List the prime factors of 4346585174.
2, 4133, 525839
List the prime factors of 68452796.
2, 17113199
What are the prime factors of 51810299?
3701, 13999
What are the prime factors of 2608035124?
2, 652008781
List the prime factors of 4362433522.
2, 31, 70361831
List the prime factors of 138193770.
2, 3, 5, 11, 13, 32213
What are the prime factors of 39821079?
3, 47, 109, 2591
List the prime factors of 82119098.
2, 41059549
What are the prime factors of 102278865?
3, 5, 13, 524507
List the prime factors of 170255407.
7, 23, 1057487
List the prime factors of 2455376479.
19, 1069, 120889
List the prime factors of 36041210.
2, 5, 3604121
List the prime factors of 2471328479.
47, 52581457
What are the prime factors of 37210614?
2, 3, 7, 885967
What are the prime factors of 1043940469?
11, 13, 31, 235493
What are the prime factors of 29218564?
2, 2113, 3457
What are the prime factors of 2055785042?
2, 1027892521
List the prime factors of 1523575407.
3, 23, 29, 761407
What are the prime factors of 1903460790?
2, 3, 5, 7, 11, 43, 19163
List the prime factors of 33264898.
2, 16632449
List the prime factors of 292611254.
2, 13, 2393, 4703
What are the prime factors of 216629170?
2, 5, 83, 260999
What are the prime factors of 12057278?
2, 6028639
List the prime factors of 101735582.
2, 13, 17, 337, 683
What are the prime factors of 1830154133?
1830154133
List the prime factors of 298656196.
2, 23, 149, 21787
List the prime factors of 422437396.
2, 105609349
What are the prime factors of 133539354?
2, 3, 13, 63409
List the prime factors of 249553505.
5, 19, 2626879
List the prime factors of 279493614.
2, 3, 15527423
List the prime factors of 277333913.
277333913
What are the prime factors of 22192707?
3, 569, 13001
List the prime factors of 294757189.
29, 1847, 5503
What are the prime factors of 845734441?
19, 44512339
List the prime factors of 654441886.
2, 7, 83, 109, 5167
What are the prime factors of 841187991?
3, 7, 193, 207547
What are the prime factors of 156995791?
223, 704017
What are the prime factor